{"id":87,"date":"2020-11-25T05:23:55","date_gmt":"2020-11-25T04:23:55","guid":{"rendered":"http:\/\/netblue.pl\/?page_id=87"},"modified":"2024-06-01T00:54:04","modified_gmt":"2024-05-31T22:54:04","slug":"promocje","status":"publish","type":"page","link":"https:\/\/netblue.pl\/?page_id=87","title":{"rendered":"Promocja"},"content":{"rendered":"<h2>Internet \u015bwiat\u0142owodowy 300 Mb\/s tylko za 69z\u0142 miesi\u0119cznie.<BR><\/p>\n<h3>\n<\/strong> <br \/>\nOp\u0142ata przy\u0142\u0105czeniowa, aktywacyjna, router WiFi AC1300 MU-MIMO: <strong>0 z\u0142<\/strong>.<br \/>\nPromocja dotyczy tylko nowych przy\u0142\u0105cze\u0144 na sieci Nexera<br \/>\nUmowa na 24 miesi\u0105ce.<br \/>\nPromocja obowi\u0105zuje od 2024-06-01.<br \/><\/p>\n","protected":false},"excerpt":{"rendered":"<p>Internet \u015bwiat\u0142owodowy 300 Mb\/s tylko za 69z\u0142 miesi\u0119cznie. Op\u0142ata przy\u0142\u0105czeniowa, aktywacyjna, router WiFi AC1300 MU-MIMO: 0 z\u0142. Promocja dotyczy tylko nowych przy\u0142\u0105cze\u0144 na sieci Nexera Umowa na 24 miesi\u0105ce. Promocja obowi\u0105zuje od 2024-06-01.<\/p>\n","protected":false},"author":1,"featured_media":0,"parent":0,"menu_order":0,"comment_status":"closed","ping_status":"closed","template":"","meta":{"footnotes":""},"class_list":["post-87","page","type-page","status-publish","hentry"],"_links":{"self":[{"href":"https:\/\/netblue.pl\/index.php?rest_route=\/wp\/v2\/pages\/87","targetHints":{"allow":["GET"]}}],"collection":[{"href":"https:\/\/netblue.pl\/index.php?rest_route=\/wp\/v2\/pages"}],"about":[{"href":"https:\/\/netblue.pl\/index.php?rest_route=\/wp\/v2\/types\/page"}],"author":[{"embeddable":true,"href":"https:\/\/netblue.pl\/index.php?rest_route=\/wp\/v2\/users\/1"}],"replies":[{"embeddable":true,"href":"https:\/\/netblue.pl\/index.php?rest_route=%2Fwp%2Fv2%2Fcomments&post=87"}],"version-history":[{"count":80,"href":"https:\/\/netblue.pl\/index.php?rest_route=\/wp\/v2\/pages\/87\/revisions"}],"predecessor-version":[{"id":497,"href":"https:\/\/netblue.pl\/index.php?rest_route=\/wp\/v2\/pages\/87\/revisions\/497"}],"wp:attachment":[{"href":"https:\/\/netblue.pl\/index.php?rest_route=%2Fwp%2Fv2%2Fmedia&parent=87"}],"curies":[{"name":"wp","href":"https:\/\/api.w.org\/{rel}","templated":true}]}}